t. What is the remainder when f is divided by 1/2 + 54/12?
2
Let w be (1/2)/((-3)/(-6)). Let u(p) = 10*p + 1. Suppose -3*y + 0*y + 12 = 0. Calculate the remainder when u(w) is divided by y.
3
Let k(m) = m**2 + 6*m + 7. Let z be k(-10). Let l = z + -18. Calculate the remainder when 56 is divided by l.
27
Let v(h) = h**2 + h - 9. Let x(q) be the first derivative of q**3 + q**2 + 3*q - 1. What is the remainder when v(-6) is divided by x(-2)?
10
Suppose -7*o - 330 = -12*o. Calculate the remainder when o is divided by 34.
32
Let y = 95 - 63. Suppose r - y = -v, -4*v + 5*r - r = -160. What is the remainder when v is divided by 13?
10
Suppose -r + 0 = v - 6, -2*v + 5*r - 9 = 0. What is the remainder when 25 is divided by v?
1
Suppose -11 = 20*b - 211. What is the remainder when 77 is divided by b?
7
Let o be 2/(-7) + (-424)/(-14). Suppose -4*j + j = -o. Let x(n) = n**3 - n**2 + 3*n + 2. Calculate the remainder when x(3) is divided by j.
9
Suppose 0 = -2*i - 8, -16 = -5*c - 3*i + 297. Suppose o = 6*o - c. Calculate the remainder when 24 is divided by o.
11
Let u be 3/(1*3/2). Suppose -205 = -5*t - 5*k, 4*t + 31 = -u*k + 185. What is the remainder when t is divided by 19?
17
What is the remainder when 86 is divided by 12/32 - 687/(-24)?
28
Let j = -16 + 26. Suppose 5 + 26 = c - 2*h, -4*c = -3*h - 119. What is the remainder when c is divided by j?
9
Let w(f) = 3*f**2 - 4*f - 2. Calculate the remainder when w(5) is divided by 18.
17
Let h = 65 - 45. Calculate the remainder when 57 is divided by h.
17
Let q(p) = p**2 - p. Let x(y) = -y - 2 + y**2 - 2 - 4*y. Calculate the remainder when x(7) is divided by q(-2).
4
Let h(f) = -f. Let o(i) = 44*i. Let k(a) = -5*h(a) - o(a). What is the remainder when k(-1) is divided by 14?
11
Suppose 0 = -4*p + 55 + 41. What is the remainder when p is divided by 15?
9
Suppose j - 4*l - 22 = 0, j = 2*l + 3*l + 27. Let i = 8 + -6. What is the remainder when j is divided by i?
0
Suppose 4*d + 2*z = -3*z + 20, 0 = -4*z. What is the remainder when 14 is divided by d?
4
Let o = -12 - -61. What is the remainder when o is divided by 13?
10
Let h be 1/(-3) - (-143)/(-3). What is the remainder when 38 is divided by ((-20)/12)/(4/h)?
18
Let m(r) = -2*r**3 - 3*r**2. Let i be m(-2). Let n = 15 - i. Suppose 2 = h - n. What is the remainder when 38 is divided by h?
12
Let s = 47 - 23. Suppose -2*u + 0*p + s = 2*p, -2*u + 54 = -4*p. Calculate the remainder when u is divided by 5.
2
Suppose 360 = 3*x + 111. Calculate the remainder when x is divided by 28.
27
Let y(b) = b**2 - b + 14. Calculate the remainder when y(-7) is divided by 18.
16
Suppose 0 = -4*x + 17 + 31. Let a(t) = -2*t**3 - t**2 + 2*t + 3. What is the remainder when a(-3) is divided by 150/x - (-6)/(-4)?
9
What is the remainder when 1/(4 + 801/(-201)) is divided by 17?
16
Let i = 10 - 7. Suppose -i*q + 9 = -9. What is the remainder when 23 is divided by q?
5
Let h = 125 + -82. Calculate the remainder when h is divided by 11.
10
Let l = -33 + 44. Calculate the remainder when 20 is divided by l.
9
Let p = -10 + 24. Let d(t) = -2*t + 1. Let f be d(3). Let b = 10 + f. Calculate the remainder when p is divided by b.
4
Let a = 22 - 13. Suppose -4*n - 60 - 52 = 0. Let t = 44 + n. Calculate the remainder when t is divided by a.
7
Let f = 9 + 14. Suppose 0 = -m + 5*w + f, -5*w - 12 = 2*m - 58. Calculate the remainder when 44 is divided by m.
21
Suppose -u = u + 24. Let f = u + 14. Calculate the remainder when 5 is divided by f.
1
Let l = -18 - -28. Calculate the remainder when 17 is divided by l.
7
Let t(c) = -c**2 + 41. Let i(b) = -b**3 - 5*b**2 + 6*b. Let r = 9 + -15. Let f be i(r). What is the remainder when t(f) is divided by 14?
13
Let n(v) = -1. Let t(o) = -o**3 - o**2 - o + 37. Let p(c) = 5*n(c) + t(c). Calculate the remainder when p(0) is divided by 11.
10
Let m = 13 - 9. Suppose 8*i = m*i + 52. Calculate the remainder when 24 is divided by i.
11
Let j(h) = -4 - 1 - 7*h + 1 + 5. What is the remainder when j(-4) is divided by (4/(8/30))/1?
14
Let c = -15 - -21. Let x = -2 + 6. Calculate the remainder when x is divided by ((-4)/c)/(4/(-12)).
0
Calculate the remainder when 46 is divided by 0 - 0 - (2 + -19).
12
What is the remainder when 2/(-3) + (-3640)/(-60) is divided by 16?
12
Let t = 4 - 0. Suppose 0 = t*m - 2*k - 132, 0 = 5*m - 0*k + 2*k - 183. What is the remainder when m is divided by (2 - 23)*(-12)/14?
17
Suppose 4*m = -5*p + 153, 0*m + 162 = 4*m + 2*p. Calculate the remainder when ((-22)/3)/((-7)/m) is divided by 9.
8
Suppose -t + 17 = 2*x, -x = 5*t - 5*x - 99. Calculate the remainder when 15/(12/(-4))*-7 is divided by t.
16
Let x(s) = -2*s**3 - 52*s**2 - 4*s - 49. What is the remainder when x(-26) is divided by 19?
17
Suppose -2*r = 18 - 64. Let h = 246 - 234. Calculate the remainder when r is divided by h.
11
Let p = 13 - -32. What is the remainder when p is divided by 17?
11
Suppose -y + 3*c + 81 = 14, 5*c + 20 = 0. What is the remainder when y is divided by 29?
26
Let j(h) = 2*h**2 + 4*h + 1. Calculate the remainder when j(3) is divided by 8.
7
Calculate the remainder when 394/12 + (-10)/(-60) is divided by 20.
13
Let m = 41 - 28. Let q = -51 + 88. Calculate the remainder when q is divided by m.
11
Let w(d) = d**2 - 2*d + 40. Let u be w(0). Suppose 3*z = 5*s - u, 4*s - 30 = 5*z - 3*z. Calculate the remainder when s is divided by 4.
1
Suppose c + 232 = 4*n - c, -4*c - 51 = -n. Let h(y) = y**2 + 2*y - 4. Suppose -2*s + 6 = -3*s. Calculate the remainder when n is divided by h(s).
19
Let t = -22 + 29. Suppose -87 + t = -2*d. Calculate the remainder when d is divided by 11.
7
What is the remainder when (-30)/14 + 4/28 - -56 is divided by 11?
10
Suppose 5*y - 7 = 4*y. Suppose 2*o = -3*j - 8, -j = -0*j + 5*o + 20. Suppose -m = -j*m - y. What is the remainder when m is divided by 3?
1
What is the remainder when 45 is divided by (4/(-12))/(-2 + 620/312)?
19
Suppose 5*f = 14 + 1. Suppose -3*c = 2*b - 106, -c = -2*c + f*b + 17. Let p = -5 - -16. Calculate the remainder when c is divided by p.
10
Suppose 2*v + 2*v - 16 = -2*a, 5*v + a = 17. Let h = v - -3. Calculate the remainder when 17 is divided by h.
5
Suppose 3*j = -4*a - 32, -j + 24 = -2*j + 2*a. Let q = j + 28. Let y(v) = v + 23. What is the remainder when y(0) is divided by q?
11
Suppose -p - 28 = -5*p. What is the remainder when p is divided by 2?
1
Let g(u) = 7*u - 10. Calculate the remainder when 21 is divided by g(3).
10
Let w = -9 - -13. Suppose -3*p + 29 + w = 0. What is the remainder when p is divided by 6?
5
Let i(f) = f**2 + 5*f - 4. Let b be i(-6). Let o(w) = w + 7*w + 7*w - 2 + b*w. What is the remainder when o(4) is divided by 17?
15
Suppose -5*x + 162 = -2*x. Suppose h + h = x. What is the remainder when h is divided by 10?
7
Suppose 51 = 4*o - 13. Suppose -z + o = z. What is the remainder when 15 is divided by z?
7
Let s = 3 + -3. Suppose c + s*c = -2. What is the remainder when (0 + 1/c)*-26 is divided by 5?
3
Suppose -4*c + 8*c + k - 18 = 0, 3*c + 2*k = 16. Suppose 3*s + 15 = 2*y, 0 = y + 2*y + 4*s - 14. Calculate the remainder when y is divided by c.
2
Let w(u) = -3 + 4 - 4 + 2*u. Let f be w(4). Suppose -3*h + f*o + 15 = -19, -5 = -5*o. What is the remainder when h is divided by 7?
6
Let r be (23/1 - 3) + 2. Let z = r + -11. What is the remainder when 32 + (0 + 2)/(-2) is divided by z?
9
Let m(h) = h**2 + 3*h - 29. Calculate the remainder when m(-11) is divided by 20.
19
Suppose 3*x + 5*m - 55 = -2*x, 0 = 2*m + 10. Suppose 0 = -2*n - 5*i - 10, -3*i - i - 36 = -4*n. Calculate the remainder when 96/(n + -2) + -2 is divided by x.
14
Let w = 20 + -18. Let l(f) = -2*f - 9. Calculate the remainder when l(-7) is divided by w.
1
What is the remainder when 105/(-10)*6/(-9) is divided by 7?
0
Let w = -38 + 46. What is the remainder when 14 is divided by w?
6
Let o(s) = s**3 - 7*s**2 + s + 2. Calculate the remainder when o(7) is divided by 5.
4
Let o(z) = 2*z - 7. Let f be o(6). Suppose -5 - f = -t. What is the remainder when 27 is divided by t?
7
Suppose -5*t - 26 = -4*p, 4*p - 3*t - 18 = -2*t. Calculate the remainder when 38 is divided by p.
2
Let a be (4/(1*-4))/1. What is the remainder when (-325)/(-10) - a/(-2) is divided by 11?
10
Suppose -14 - 2 = -2*f. Let d(h) = 5*h - 5. Let t be d(6). Suppose 6*l - l 